{"id":547,"date":"2018-02-01T15:34:31","date_gmt":"2018-02-01T14:34:31","guid":{"rendered":"https:\/\/agt.624.mytemp.website\/wpckh\/?page_id=547"},"modified":"2018-03-26T16:11:15","modified_gmt":"2018-03-26T14:11:15","slug":"gedenkfahrt-nach-engerau-29-3-2018","status":"publish","type":"page","link":"https:\/\/www.zeit-geschichte.com\/wpckh\/gedenkfahrt-nach-engerau-29-3-2018\/","title":{"rendered":"Gedenkfahrt nach Engerau 29.3.2018"},"content":{"rendered":"<h3><span style=\"color: #800000;\">18. Gedenkfahrt nach Engerau\/Petr\u017ealka<\/span><br \/>\n<span style=\"color: #800000;\"> mit Enth\u00fcllung einer Gedenktafel f\u00fcr die ermordeten ungarisch-j\u00fcdischen Zwangsarbeiter des Lagers Engerau in Hainburg<br \/>\n<\/span><\/h3>\n<p>Veranstalter:<br \/>\nZentrale \u00f6sterreichische Forschungsstelle Nachkriegsjustiz am D\u00d6W<\/p>\n<p><span style=\"color: #0000ff;\"><strong><span style=\"color: #800000;\">\u21d2 Programmfolder:<br \/>\n<a href=\"https:\/\/agt.624.mytemp.website\/wpckh\/wp-content\/uploads\/2018\/02\/LETZT-folder_engerau_2018.pdf\">LETZT folder_engerau_2018<\/a><br \/>\n<\/span><\/strong><\/span><\/p>\n<p><span style=\"color: #008000;\">BITTE UNTERST\u00dcTZEN SIE DIE GEDENKFAHRT MIT EINER SPENDE!!<\/span><\/p>\n<h2><span style=\"color: #008000;\">Zentrale \u00f6sterreichische Forschungsstelle Nachkriegsjustiz<\/span><br \/>\n<span style=\"color: #008000;\">Bank Austria AT43 1200 0502 8700 4500<\/span><br \/>\n<span style=\"color: #008000;\">VIELEN DANK!<\/span><\/h2>\n<div data-contents=\"true\">\n<div class=\"_1mf _1mj\" data-offset-key=\"qpsb-0-0\">\n<p><span style=\"color: #000000;\" data-offset-key=\"qpsb-0-0\"><strong>DONNERSTAG, 29. M\u00c4RZ 2018<\/strong><\/span><\/p>\n<p><span style=\"color: #000000;\" data-offset-key=\"cptck-0-0\"><strong>Treffpunkt: 8:15 Uhr<\/strong>, 1020 Wien, Praterstern 1<br \/>\n<\/span><span style=\"color: #000000;\" data-offset-key=\"48vuo-0-0\">Abfahrt mit dem Bus um 8:30 Uhr vor dem J\u00fcdischen Institut f\u00fcr Erwachsenenbildung (U-Bahnlinie 1, Aufgang Heine Stra\u00dfe)<\/span><\/p>\n<\/div>\n<p class=\"_1mf _1mj\" data-offset-key=\"31e9b-0-0\"><span style=\"color: #000000;\" data-offset-key=\"31e9b-0-0\"> TeilnehmerInnenbeitrag:<br \/>\n25 Euro (inkl. Mittagessen) \/ 20 Euro (exkl. Mittagessen)<br \/>\nErm\u00e4\u00dfigung f\u00fcr Studierende, Sch\u00fclerInnen, Lehrlinge, Arbeitssu-chende: 15 Euro (inkl. Mittagessen) \/ 10 Euro (exkl. Mittagessen)<br \/>\n<\/span><span style=\"color: #000000;\" data-offset-key=\"31e9b-0-0\"><br \/>\n<strong>Pers\u00f6nliche Anmeldung bis 24. M\u00e4rz 2018<\/strong> bei:<br \/>\n<\/span><span style=\"color: #000000;\" data-offset-key=\"8ttfv-0-0\">Dr.in Claudia Kuretsidis-Haider (Forschungsstelle Nachkriegsjustiz)<br \/>\n<\/span><span style=\"color: #000000;\" data-offset-key=\"2i0vu-0-0\">e-mail: claudia.kuretsidis@nachkriegsjustiz.at<br \/>\n<\/span><span style=\"color: #000000;\" data-offset-key=\"aucup-0-0\">Telefon: (01) 22 89 469 \/ 315<\/span><\/p>\n<div class=\"\" data-block=\"true\" data-editor=\"5u9o3\" data-offset-key=\"41s8e-0-0\">\n<p class=\"_1mf _1mj\" data-offset-key=\"71lrp-0-0\"><em><span style=\"color: #000000;\" data-offset-key=\"71lrp-0-0\">Ablauf der Busexkursion:<br \/>\n<\/span><\/em><span style=\"color: #000000;\" data-offset-key=\"20guc-0-0\">&#8211; Gedenkkundgebung der BusteilnehmerInnen bei der Gedenktafel f\u00fcr die Opfer des Lagers Engerau am Restaurant Leberfinger in Bratislava-Petr\u017ealka<br \/>\n<\/span><span style=\"color: #000000;\" data-offset-key=\"ebqr5-0-0\">&#8211; Transnationale Gedenkkundgebung beim Mahnmal f\u00fcr ungarisch-j\u00fcdische Zwangsarbeiter auf dem Friedhof von Petr\u017ealka<br \/>\n<\/span><span style=\"color: #000000;\" data-offset-key=\"1jc1g-0-0\">&#8211; Enth\u00fcllung eines Erinnerungszeichens f\u00fcr die Opfer des \u201eTodesmarsches\u201c von Engerau nach Bad Deutsch-Altenburg in Hainburg<br \/>\n<\/span><span style=\"color: #000000;\" data-offset-key=\"c2mj5-0-0\">&#8211; Gedenkkundgebung in Wolfsthal<br \/>\n<\/span><span style=\"color: #000000;\" data-offset-key=\"bviuk-0-0\">&#8211; Gedenkkundgebung in Bad Deutsch-Altenburg<\/span><\/p>\n<\/div>\n<div class=\"_1mf _1mj\" data-offset-key=\"bviuk-0-0\">\u00a0Finanzielle Unterst\u00fctzung durch:<\/div>\n<div class=\"_1mf _1mj\" data-offset-key=\"bviuk-0-0\"><\/div>\n<\/div>\n<div class=\"_1mf _1mj\" data-offset-key=\"bviuk-0-0\"><\/div>\n<div class=\"_1mf _1mj\" data-offset-key=\"bviuk-0-0\"><img loading=\"lazy\" decoding=\"async\" class=\"irc_mi\" src=\"http:\/\/www.zukunftsfonds-austria.at\/download\/zukunftsfondslogo.jpg\" alt=\"Bildergebnis f\u00fcr zukunftsfonds\" width=\"201\" height=\"53\" \/><\/div>\n<div class=\"_1mf _1mj\" data-offset-key=\"bviuk-0-0\"><\/div>\n<div class=\"_1mf _1mj\" data-offset-key=\"bviuk-0-0\"><img decoding=\"async\" src=\"http:\/\/www.forestree.at\/cms\/wp-content\/uploads\/images\/ftlogo3d.gif\" \/> Firma Forestree<\/div>\n<div class=\"_1mf _1mj\" data-offset-key=\"bviuk-0-0\"><\/div>\n<div class=\"_1mf _1mj\" data-offset-key=\"bviuk-0-0\"><img loading=\"lazy\" decoding=\"async\" class=\"alignnone size-full wp-image-587\" src=\"https:\/\/agt.624.mytemp.website\/wpckh\/wp-content\/uploads\/2018\/02\/Ohne-Titel-1.jpg\" alt=\"\" width=\"390\" height=\"88\" srcset=\"https:\/\/www.zeit-geschichte.com\/wpckh\/wp-content\/uploads\/2018\/02\/Ohne-Titel-1.jpg 390w, https:\/\/www.zeit-geschichte.com\/wpckh\/wp-content\/uploads\/2018\/02\/Ohne-Titel-1-300x68.jpg 300w\" sizes=\"auto, (max-width: 390px) 100vw, 390px\" \/><\/div>\n","protected":false},"excerpt":{"rendered":"<p>18. Gedenkfahrt nach Engerau\/Petr\u017ealka mit Enth\u00fcllung einer Gedenktafel f\u00fcr die ermordeten ungarisch-j\u00fcdischen Zwangsarbeiter des Lagers Engerau in Hainburg Veranstalter: Zentrale \u00f6sterreichische Forschungsstelle Nachkriegsjustiz am D\u00d6W \u21d2 Programmfolder: LETZT folder_engerau_2018 BITTE UNTERST\u00dcTZEN SIE DIE GEDENKFAHRT MIT EINER SPENDE!! Zentrale \u00f6sterreichische Forschungsstelle Nachkriegsjustiz Bank Austria AT43 1200 0502 8700 4500 VIELEN DANK! DONNERSTAG, 29. M\u00c4RZ 2018 Treffpunkt: [&hellip;]<\/p>\n","protected":false},"author":1,"featured_media":0,"parent":0,"menu_order":0,"comment_status":"closed","ping_status":"closed","template":"","meta":{"footnotes":""},"class_list":["post-547","page","type-page","status-publish","hentry"],"_links":{"self":[{"href":"https:\/\/www.zeit-geschichte.com\/wpckh\/wp-json\/wp\/v2\/pages\/547","targetHints":{"allow":["GET"]}}],"collection":[{"href":"https:\/\/www.zeit-geschichte.com\/wpckh\/wp-json\/wp\/v2\/pages"}],"about":[{"href":"https:\/\/www.zeit-geschichte.com\/wpckh\/wp-json\/wp\/v2\/types\/page"}],"author":[{"embeddable":true,"href":"https:\/\/www.zeit-geschichte.com\/wpckh\/wp-json\/wp\/v2\/users\/1"}],"replies":[{"embeddable":true,"href":"https:\/\/www.zeit-geschichte.com\/wpckh\/wp-json\/wp\/v2\/comments?post=547"}],"version-history":[{"count":18,"href":"https:\/\/www.zeit-geschichte.com\/wpckh\/wp-json\/wp\/v2\/pages\/547\/revisions"}],"predecessor-version":[{"id":624,"href":"https:\/\/www.zeit-geschichte.com\/wpckh\/wp-json\/wp\/v2\/pages\/547\/revisions\/624"}],"wp:attachment":[{"href":"https:\/\/www.zeit-geschichte.com\/wpckh\/wp-json\/wp\/v2\/media?parent=547"}],"curies":[{"name":"wp","href":"https:\/\/api.w.org\/{rel}","templated":true}]}}