{"id":208,"date":"2016-05-04T11:34:19","date_gmt":"2016-05-04T09:34:19","guid":{"rendered":"https:\/\/agt.624.mytemp.website\/rlwp\/home\/"},"modified":"2025-02-27T20:24:51","modified_gmt":"2025-02-27T19:24:51","slug":"home","status":"publish","type":"page","link":"https:\/\/www.zeit-geschichte.com\/rlwp\/","title":{"rendered":"Rudolf Leo &#8211; Historiker"},"content":{"rendered":"\r\n<figure class=\"wp-block-image size-large is-resized\"><img loading=\"lazy\" decoding=\"async\" width=\"1024\" height=\"683\" class=\"wp-image-1044\" style=\"width: 413px; height: auto;\" src=\"https:\/\/agt.624.mytemp.website\/rlwp\/wp-content\/uploads\/2024\/10\/Leo_Alfred-Pany-1-1024x683.jpg\" alt=\"\" srcset=\"https:\/\/www.zeit-geschichte.com\/rlwp\/wp-content\/uploads\/2024\/10\/Leo_Alfred-Pany-1-1024x683.jpg 1024w, https:\/\/www.zeit-geschichte.com\/rlwp\/wp-content\/uploads\/2024\/10\/Leo_Alfred-Pany-1-300x200.jpg 300w, https:\/\/www.zeit-geschichte.com\/rlwp\/wp-content\/uploads\/2024\/10\/Leo_Alfred-Pany-1-768x512.jpg 768w, https:\/\/www.zeit-geschichte.com\/rlwp\/wp-content\/uploads\/2024\/10\/Leo_Alfred-Pany-1-1536x1024.jpg 1536w, https:\/\/www.zeit-geschichte.com\/rlwp\/wp-content\/uploads\/2024\/10\/Leo_Alfred-Pany-1-2048x1365.jpg 2048w\" sizes=\"auto, (max-width: 1024px) 100vw, 1024px\" \/><\/figure>\r\n\r\n\r\n\r\n<blockquote class=\"wp-block-quote is-layout-flow wp-block-quote-is-layout-flow\">\r\n<p class=\"has-text-align-left has-large-font-size\"><span style=\"color: #ff0000;\">\u201eNur wer sich mit seinen Eltern, Gro\u00dfeltern und Urgro\u00dfeltern auseinandersetzt, kann sich selbst verstehen.\u201c<\/span><\/p>\r\n<\/blockquote>\r\n\r\n\r\n\r\n<pre class=\"wp-block-preformatted\">Rudolf LEO, geboren 1962 in Bramberg am Wildkogel (Land Salzburg, \u00d6sterreich).<\/pre>\r\n\r\n\r\n\r\n<p>Nach der Lehre als Einzelhandelskaufmann in der Eisenhandlung Huber (Mittersill) u.a. Erzieher behinderter Kinder. Studium der P\u00e4dagogik und Sonder- und Heilp\u00e4dagogik an der Universit\u00e4t Wien. Seit 1997 Kommunikationschef und Pressesprecher in verschiedenen Landesregierungen in \u00d6sterreich. 2012\/2013 Mitarbeiter im Forschungsteam der Wilhelminenbergkommission. 2013 Promotion am Institut f\u00fcr Zeitgeschichte an der Universit\u00e4t Wien. Seit 2013 Lehrveranstaltungen f\u00fcr Geschichte an der Universit\u00e4t Linz&nbsp; (Studienberechtigungspr\u00fcfung). Mitarbeiter der Zentralen \u00f6sterreichischen Forschungstelle Nachkriegsjustiz und im Dokumentationsarchiv des \u00f6sterreichischen Widerstandes (D\u00d6W).<\/p>\r\n\r\n\r\n\r\n<p>Foto (c) Alfred Pany<\/p>\r\n\r\n\r\n\r\n<pre class=\"wp-block-preformatted\"><a href=\"https:\/\/www.facebook.com\/rudolf.leo\"><img loading=\"lazy\" decoding=\"async\" class=\"alignnone wp-image-556\" src=\"https:\/\/agt.624.mytemp.website\/rlwp\/wp-content\/uploads\/2019\/04\/Facebook-Logo.png\" alt=\"\" width=\"76\" height=\"76\" srcset=\"https:\/\/www.zeit-geschichte.com\/rlwp\/wp-content\/uploads\/2019\/04\/Facebook-Logo.png 225w, https:\/\/www.zeit-geschichte.com\/rlwp\/wp-content\/uploads\/2019\/04\/Facebook-Logo-150x150.png 150w\" sizes=\"auto, (max-width: 76px) 100vw, 76px\" \/><\/a><\/pre>\r\n\r\n\r\n\r\n<p><a href=\"https:\/\/www.facebook.com\/rudolf.leo\" target=\"_blank\" rel=\"noopener noreferrer\">Facebookseite von Rudi Leo<\/a><\/p>\r\n\r\n\r\n\r\n<pre class=\"wp-block-preformatted\"><a href=\"mailto:leo.rudolf@chello.at\"><img loading=\"lazy\" decoding=\"async\" class=\"alignnone wp-image-563\" src=\"https:\/\/agt.624.mytemp.website\/rlwp\/wp-content\/uploads\/2019\/04\/Mail-Symbol-300x187.png\" alt=\"\" width=\"90\" height=\"56\" srcset=\"https:\/\/www.zeit-geschichte.com\/rlwp\/wp-content\/uploads\/2019\/04\/Mail-Symbol-300x187.png 300w, https:\/\/www.zeit-geschichte.com\/rlwp\/wp-content\/uploads\/2019\/04\/Mail-Symbol.png 512w\" sizes=\"auto, (max-width: 90px) 100vw, 90px\" \/><\/a><\/pre>\r\n\r\n\r\n\r\n<pre class=\"wp-block-preformatted\"><strong>Mail: leo.rudolf@chello.at<\/strong><\/pre>\r\n\r\n\r\n\r\n<pre class=\"wp-block-preformatted\">ORF-Sendung \"Thema\" vom 1. April 2019\r\n<iframe loading=\"lazy\" title=\"Historischer Pinzgau in ORF Thema vom 1. April 2019\" width=\"1140\" height=\"641\" src=\"https:\/\/www.youtube.com\/embed\/pbS1zTkEj3I?feature=oembed\" frameborder=\"0\" allow=\"accelerometer; autoplay; clipboard-write; encrypted-media; gyroscope; picture-in-picture; web-share\" referrerpolicy=\"strict-origin-when-cross-origin\" allowfullscreen><\/iframe>\r\n\r\n\r\n\r\n<\/pre>\r\n\r\n\r\n\r\n<pre class=\"wp-block-image size-large is-resized\"><img loading=\"lazy\" decoding=\"async\" width=\"178\" height=\"120\" class=\"wp-image-600\" style=\"width: 178px; height: 120px;\" src=\"https:\/\/agt.624.mytemp.website\/rlwp\/wp-content\/uploads\/2019\/04\/wiener_zeitung_logo.jpg\" alt=\"\"><strong>Wiener Zeitung, 5. April 2019, zum Buch \"dachaureif\"<\/strong><br><a href=\"https:\/\/www.wienerzeitung.at\/nachrichten\/wissen\/geschichte\/2003164-KZ-Dachau-Den-Opfern-ein-Gesicht-geben.html?em_no_split=1&amp;fbclid=IwAR1P_9kYCr5S5EySjCDD2tZ6qdfr5-DdIGRX5Nl_SzAKgtsd-43CNyEbbOw\" target=\"_blank\" rel=\"noreferrer noopener\" aria-label=\" (\u00f6ffnet in neuem Tab)\">https:\/\/www.wienerzeitung.at\/nachrichten\/wissen\/geschichte\/2003164-KZ-Dachau-Den-Opfern-ein-Gesicht-geben.html?em_no_split=1&amp;fbclid=IwAR1P_9kYCr5S5EySjCDD2tZ6qdfr5-DdIGRX5Nl_SzAKgtsd-43CNyEbbOw<\/a><br><br>Kommentare werden hier nicht bearbeitet. <br><span style=\"color: #ff0000;\">Verwendung von Fotos oder Texten nur mit ausdr\u00fccklicher Genehmigung des Autors.<\/span><br>R\u00fcckmeldungen, Fragen und Anmerkungen bitte per Mail an: leo.rudolf@chello.at<\/pre>\r\n\r\n\r\n\r\n<p>&nbsp;<\/p>\r\n","protected":false},"excerpt":{"rendered":"<p>\u201eNur wer sich mit seinen Eltern, Gro\u00dfeltern und Urgro\u00dfeltern auseinandersetzt, kann sich selbst verstehen.\u201c Rudolf LEO, geboren 1962 in Bramberg&hellip;<\/p>\n","protected":false},"author":1,"featured_media":0,"parent":0,"menu_order":1,"comment_status":"closed","ping_status":"closed","template":"","meta":{"ngg_post_thumbnail":0,"footnotes":""},"class_list":["post-208","page","type-page","status-publish","hentry"],"_links":{"self":[{"href":"https:\/\/www.zeit-geschichte.com\/rlwp\/wp-json\/wp\/v2\/pages\/208","targetHints":{"allow":["GET"]}}],"collection":[{"href":"https:\/\/www.zeit-geschichte.com\/rlwp\/wp-json\/wp\/v2\/pages"}],"about":[{"href":"https:\/\/www.zeit-geschichte.com\/rlwp\/wp-json\/wp\/v2\/types\/page"}],"author":[{"embeddable":true,"href":"https:\/\/www.zeit-geschichte.com\/rlwp\/wp-json\/wp\/v2\/users\/1"}],"replies":[{"embeddable":true,"href":"https:\/\/www.zeit-geschichte.com\/rlwp\/wp-json\/wp\/v2\/comments?post=208"}],"version-history":[{"count":59,"href":"https:\/\/www.zeit-geschichte.com\/rlwp\/wp-json\/wp\/v2\/pages\/208\/revisions"}],"predecessor-version":[{"id":1300,"href":"https:\/\/www.zeit-geschichte.com\/rlwp\/wp-json\/wp\/v2\/pages\/208\/revisions\/1300"}],"wp:attachment":[{"href":"https:\/\/www.zeit-geschichte.com\/rlwp\/wp-json\/wp\/v2\/media?parent=208"}],"curies":[{"name":"wp","href":"https:\/\/api.w.org\/{rel}","templated":true}]}}

<figure class="wp-block-image size-large is-resized"><img loading="lazy" decoding="async" width="1024" height="683" class="wp-image-1044" style="width: 413px; height: auto;" src="https://agt.624.mytemp.website/rlwp/wp-content/uploads/2024/10/Leo_Alfred-Pany-1-1024x683.jpg" alt="" srcset="https://www.zeit-geschichte.com/rlwp/wp-content/uploads/2024/10/Leo_Alfred-Pany-1-1024x683.jpg 1024w, https://www.zeit-geschichte.com/rlwp/wp-content/uploads/2024/10/Leo_Alfred-Pany-1-300x200.jpg 300w, https://www.zeit-geschichte.com/rlwp/wp-content/uploads/2024/10/Leo_Alfred-Pany-1-768x512.jpg 768w, https://www.zeit-geschichte.com/rlwp/wp-content/uploads/2024/10/Leo_Alfred-Pany-1-1536x1024.jpg 1536w, https://www.zeit-geschichte.com/rlwp/wp-content/uploads/2024/10/Leo_Alfred-Pany-1-2048x1365.jpg 2048w" sizes="auto, (max-width: 1024px) 100vw, 1024px" /></figure>



<blockquote class="wp-block-quote is-layout-flow wp-block-quote-is-layout-flow">
<p class="has-text-align-left has-large-font-size"><span style="color: #ff0000;">„Nur wer sich mit seinen Eltern, Großeltern und Urgroßeltern auseinandersetzt, kann sich selbst verstehen.“</span></p>
</blockquote>



<pre class="wp-block-preformatted">Rudolf LEO, geboren 1962 in Bramberg am Wildkogel (Land Salzburg, Österreich).</pre>



<p>Nach der Lehre als Einzelhandelskaufmann in der Eisenhandlung Huber (Mittersill) u.a. Erzieher behinderter Kinder. Studium der Pädagogik und Sonder- und Heilpädagogik an der Universität Wien. Seit 1997 Kommunikationschef und Pressesprecher in verschiedenen Landesregierungen in Österreich. 2012/2013 Mitarbeiter im Forschungsteam der Wilhelminenbergkommission. 2013 Promotion am Institut für Zeitgeschichte an der Universität Wien. Seit 2013 Lehrveranstaltungen für Geschichte an der Universität Linz&nbsp; (Studienberechtigungsprüfung). Mitarbeiter der Zentralen österreichischen Forschungstelle Nachkriegsjustiz und im Dokumentationsarchiv des österreichischen Widerstandes (DÖW).</p>



<p>Foto (c) Alfred Pany</p>



<pre class="wp-block-preformatted"><a href="https://www.facebook.com/rudolf.leo"><img loading="lazy" decoding="async" class="alignnone wp-image-556" src="https://agt.624.mytemp.website/rlwp/wp-content/uploads/2019/04/Facebook-Logo.png" alt="" width="76" height="76" srcset="https://www.zeit-geschichte.com/rlwp/wp-content/uploads/2019/04/Facebook-Logo.png 225w, https://www.zeit-geschichte.com/rlwp/wp-content/uploads/2019/04/Facebook-Logo-150x150.png 150w" sizes="auto, (max-width: 76px) 100vw, 76px" /></a></pre>



<p><a href="https://www.facebook.com/rudolf.leo" target="_blank" rel="noopener noreferrer">Facebookseite von Rudi Leo</a></p>



<pre class="wp-block-preformatted"><a href="mailto:leo.rudolf@chello.at"><img loading="lazy" decoding="async" class="alignnone wp-image-563" src="https://agt.624.mytemp.website/rlwp/wp-content/uploads/2019/04/Mail-Symbol-300x187.png" alt="" width="90" height="56" srcset="https://www.zeit-geschichte.com/rlwp/wp-content/uploads/2019/04/Mail-Symbol-300x187.png 300w, https://www.zeit-geschichte.com/rlwp/wp-content/uploads/2019/04/Mail-Symbol.png 512w" sizes="auto, (max-width: 90px) 100vw, 90px" /></a></pre>



<pre class="wp-block-preformatted"><strong>Mail: leo.rudolf@chello.at</strong></pre>



<pre class="wp-block-preformatted">ORF-Sendung "Thema" vom 1. April 2019
<iframe loading="lazy" title="Historischer Pinzgau in ORF Thema vom 1. April 2019" width="1140" height="641" src="https://www.youtube.com/embed/pbS1zTkEj3I?feature=oembed" frameborder="0" allow="accelerometer; autoplay; clipboard-write; encrypted-media; gyroscope; picture-in-picture; web-share" referrerpolicy="strict-origin-when-cross-origin" allowfullscreen></iframe>



</pre>



<pre class="wp-block-image size-large is-resized"><img loading="lazy" decoding="async" width="178" height="120" class="wp-image-600" style="width: 178px; height: 120px;" src="https://agt.624.mytemp.website/rlwp/wp-content/uploads/2019/04/wiener_zeitung_logo.jpg" alt=""><strong>Wiener Zeitung, 5. April 2019, zum Buch "dachaureif"</strong><br><a href="https://www.wienerzeitung.at/nachrichten/wissen/geschichte/2003164-KZ-Dachau-Den-Opfern-ein-Gesicht-geben.html?em_no_split=1&amp;fbclid=IwAR1P_9kYCr5S5EySjCDD2tZ6qdfr5-DdIGRX5Nl_SzAKgtsd-43CNyEbbOw" target="_blank" rel="noreferrer noopener" aria-label=" (öffnet in neuem Tab)">https://www.wienerzeitung.at/nachrichten/wissen/geschichte/2003164-KZ-Dachau-Den-Opfern-ein-Gesicht-geben.html?em_no_split=1&amp;fbclid=IwAR1P_9kYCr5S5EySjCDD2tZ6qdfr5-DdIGRX5Nl_SzAKgtsd-43CNyEbbOw</a><br><br>Kommentare werden hier nicht bearbeitet. <br><span style="color: #ff0000;">Verwendung von Fotos oder Texten nur mit ausdrücklicher Genehmigung des Autors.</span><br>Rückmeldungen, Fragen und Anmerkungen bitte per Mail an: leo.rudolf@chello.at</pre>



<p>&nbsp;</p>

<p>„Nur wer sich mit seinen Eltern, Großeltern und Urgroßeltern auseinandersetzt, kann sich selbst verstehen.“ Rudolf LEO, geboren 1962 in Bramberg&hellip;</p>
